{"id":3340,"date":"2017-11-20T23:16:19","date_gmt":"2017-11-20T22:16:19","guid":{"rendered":"https:\/\/www.italtourist.com\/?post_type=project&#038;p=3340"},"modified":"2017-11-20T23:16:19","modified_gmt":"2017-11-20T22:16:19","slug":"campania-napoli-via-san-gregorio-armeno-2","status":"publish","type":"project","link":"https:\/\/www.italtourist.com\/en\/project\/campania-napoli-via-san-gregorio-armeno-2\/","title":{"rendered":"Campania&nbsp;\u2013&nbsp;Salerno Advent&nbsp;\u2013&nbsp;Luci d\u00b4Artista"},"content":{"rendered":"<p>[et_pb_section bb_built=&#8221;1&#8243;][et_pb_row][et_pb_column type=&#8221;4_4&#8243;][et_pb_post_title _builder_version=&#8221;3.0.71&#8243; title=&#8221;on&#8221; meta=&#8221;off&#8221; author=&#8221;off&#8221; date=&#8221;on&#8221; date_format=&#8221;jj.mm-YY&#8221; categories=&#8221;off&#8221; comments=&#8221;off&#8221; featured_image=&#8221;on&#8221; featured_placement=&#8221;below&#8221; parallax_method=&#8221;on&#8221; text_orientation=&#8221;center&#8221; text_color=&#8221;dark&#8221; text_background=&#8221;off&#8221; border_style=&#8221;solid&#8221; title_font=&#8221;|||on|&#8221; title_font_size=&#8221;39px&#8221; \/][et_pb_text _builder_version=&#8221;3.0.71&#8243;]<\/p>\n<p>Jedna z\u00a0nejp\u016fsobiv\u011bj\u0161\u00edch adventn\u00edch v\u00fdzdob na sv\u011bt\u011b,\u00a0kterou\u00a0nav\u0161t\u011bvuj\u00ed turist\u00e9 z\u00a0cel\u00e9 Evropy, aby zde nas\u00e1li tu pravou v\u00e1no\u010dn\u00ed atmosf\u00e9ru.\u00a0 A nen\u00ed divu. Na v\u00fdzdob\u011b se pod\u00edl\u00ed cel\u00e1 \u0159ada sv\u011btov\u00fdch v\u00fdtvarn\u00edk\u016f a ka\u017ed\u00fd rok maj\u00ed za \u00fakol vyzdobit m\u011bsto v\u00a0jin\u00e9m t\u00e9matu.<\/p>\n<p>V\u00edce o ud\u00e1losti: <a href=\"http:\/\/www.lucidartistasalerno.com\/\">http:\/\/www.lucidartistasalerno.com\/<\/a><\/p>\n<p>[\/et_pb_text][\/et_pb_column][\/et_pb_row][\/et_pb_section]<\/p>","protected":false},"excerpt":{"rendered":"<p>Advent \u2013 Luci d\u00b4Artista<\/p>\n","protected":false},"author":2,"featured_media":3342,"template":"","meta":{"_et_pb_use_builder":"on","_et_pb_old_content":"<p>Jedna z\u00a0nejp\u016fsobiv\u011bj\u0161\u00edch adventn\u00edch v\u00fdzdob na sv\u011bt\u011b,\u00a0kterou\u00a0nav\u0161t\u011bvuj\u00ed turist\u00e9 z\u00a0cel\u00e9 Evropy, aby zde nas\u00e1li tu pravou v\u00e1no\u010dn\u00ed atmosf\u00e9ru.\u00a0 A nen\u00ed divu. Na v\u00fdzdob\u011b se pod\u00edl\u00ed cel\u00e1 \u0159ada sv\u011btov\u00fdch v\u00fdtvarn\u00edk\u016f a ka\u017ed\u00fd rok maj\u00ed za \u00fakol vyzdobit m\u011bsto v\u00a0jin\u00e9m t\u00e9matu.<\/p><p>V\u00edce o ud\u00e1losti: <a href=\"http:\/\/www.lucidartistasalerno.com\/\">http:\/\/www.lucidartistasalerno.com\/<\/a><\/p>","_et_gb_content_width":"","footnotes":""},"project_category":[],"project_tag":[],"class_list":["post-3340","project","type-project","status-publish","has-post-thumbnail","hentry"],"_links":{"self":[{"href":"https:\/\/www.italtourist.com\/en\/wp-json\/wp\/v2\/project\/3340","targetHints":{"allow":["GET"]}}],"collection":[{"href":"https:\/\/www.italtourist.com\/en\/wp-json\/wp\/v2\/project"}],"about":[{"href":"https:\/\/www.italtourist.com\/en\/wp-json\/wp\/v2\/types\/project"}],"author":[{"embeddable":true,"href":"https:\/\/www.italtourist.com\/en\/wp-json\/wp\/v2\/users\/2"}],"version-history":[{"count":1,"href":"https:\/\/www.italtourist.com\/en\/wp-json\/wp\/v2\/project\/3340\/revisions"}],"predecessor-version":[{"id":3343,"href":"https:\/\/www.italtourist.com\/en\/wp-json\/wp\/v2\/project\/3340\/revisions\/3343"}],"wp:featuredmedia":[{"embeddable":true,"href":"https:\/\/www.italtourist.com\/en\/wp-json\/wp\/v2\/media\/3342"}],"wp:attachment":[{"href":"https:\/\/www.italtourist.com\/en\/wp-json\/wp\/v2\/media?parent=3340"}],"wp:term":[{"taxonomy":"project_category","embeddable":true,"href":"https:\/\/www.italtourist.com\/en\/wp-json\/wp\/v2\/project_category?post=3340"},{"taxonomy":"project_tag","embeddable":true,"href":"https:\/\/www.italtourist.com\/en\/wp-json\/wp\/v2\/project_tag?post=3340"}],"curies":[{"name":"wp","href":"https:\/\/api.w.org\/{rel}","templated":true}]}}

<p>[et_pb_section bb_built=&#8221;1&#8243;][et_pb_row][et_pb_column type=&#8221;4_4&#8243;][et_pb_post_title _builder_version=&#8221;3.0.71&#8243; title=&#8221;on&#8221; meta=&#8221;off&#8221; author=&#8221;off&#8221; date=&#8221;on&#8221; date_format=&#8221;jj.mm-YY&#8221; categories=&#8221;off&#8221; comments=&#8221;off&#8221; featured_image=&#8221;on&#8221; featured_placement=&#8221;below&#8221; parallax_method=&#8221;on&#8221; text_orientation=&#8221;center&#8221; text_color=&#8221;dark&#8221; text_background=&#8221;off&#8221; border_style=&#8221;solid&#8221; title_font=&#8221;|||on|&#8221; title_font_size=&#8221;39px&#8221; /][et_pb_text _builder_version=&#8221;3.0.71&#8243;]</p>
<p>Jedna z nejpůsobivějších adventních výzdob na světě, kterou navštěvují turisté z celé Evropy, aby zde nasáli tu pravou vánoční atmosféru.  A není divu. Na výzdobě se podílí celá řada světových výtvarníků a každý rok mají za úkol vyzdobit město v jiném tématu.</p>
<p>Více o události: <a href="http://www.lucidartistasalerno.com/">http://www.lucidartistasalerno.com/</a></p>
<p>[/et_pb_text][/et_pb_column][/et_pb_row][/et_pb_section]</p>

<p>Jedna z nejpůsobivějších adventních výzdob na světě, kterou navštěvují turisté z celé Evropy, aby zde nasáli tu pravou vánoční atmosféru.  A není divu. Na výzdobě se podílí celá řada světových výtvarníků a každý rok mají za úkol vyzdobit město v jiném tématu.</p><p>Více o události: <a href="http://www.lucidartistasalerno.com/">http://www.lucidartistasalerno.com/</a></p>
